[INFO] cloning repository https://github.com/JockeM/rrt
[INFO] running `Command { std: "git" "-c" "credential.helper=" "-c" "credential.helper=/workspace/cargo-home/bin/git-credential-null" "clone" "--bare" "https://github.com/JockeM/rrt" "/workspace/cache/git-repos/https%3A%2F%2Fgithub.com%2FJockeM%2Frrt", kill_on_drop: false }`
[INFO] [stderr] Cloning into bare repository '/workspace/cache/git-repos/https%3A%2F%2Fgithub.com%2FJockeM%2Frrt'...
[INFO] running `Command { std: "git" "rev-parse" "HEAD", kill_on_drop: false }`
[INFO] [stdout] ac80c2b6358bd124f5ba1386030e18c7d4597228
[INFO] checking JockeM/rrt against master#9610dfe5a9a731ced1ea4923ecbd0c57fe367898 for beta-170-4
[INFO] running `Command { std: "git" "clone" "/workspace/cache/git-repos/https%3A%2F%2Fgithub.com%2FJockeM%2Frrt" "/workspace/builds/worker-3-tc1/source", kill_on_drop: false }`
[INFO] [stderr] Cloning into '/workspace/builds/worker-3-tc1/source'...
[INFO] [stderr] done.
[INFO] validating manifest of git repo https://github.com/JockeM/rrt on toolchain 9610dfe5a9a731ced1ea4923ecbd0c57fe367898
[INFO] running `Command { std: CARGO_HOME="/workspace/cargo-home" RUSTUP_HOME="/workspace/rustup-home" "/workspace/cargo-home/bin/cargo" "+9610dfe5a9a731ced1ea4923ecbd0c57fe367898" "metadata" "--manifest-path" "Cargo.toml" "--no-deps", kill_on_drop: false }`
[INFO] started tweaking git repo https://github.com/JockeM/rrt
[INFO] finished tweaking git repo https://github.com/JockeM/rrt
[INFO] tweaked toml for git repo https://github.com/JockeM/rrt written to /workspace/builds/worker-3-tc1/source/Cargo.toml
[INFO] crate git repo https://github.com/JockeM/rrt already has a lockfile, it will not be regenerated
[INFO] running `Command { std: CARGO_HOME="/workspace/cargo-home" RUSTUP_HOME="/workspace/rustup-home" "/workspace/cargo-home/bin/cargo" "+9610dfe5a9a731ced1ea4923ecbd0c57fe367898" "fetch" "--manifest-path" "Cargo.toml", kill_on_drop: false }`
[INFO] running `Command { std: "docker" "create" "-v" "/var/lib/crater-agent-workspace/builds/worker-3-tc1/target:/opt/rustwide/target:rw,Z" "-v" "/var/lib/crater-agent-workspace/builds/worker-3-tc1/source:/opt/rustwide/workdir:ro,Z" "-v" "/var/lib/crater-agent-workspace/cargo-home:/opt/rustwide/cargo-home:ro,Z" "-v" "/var/lib/crater-agent-workspace/rustup-home:/opt/rustwide/rustup-home:ro,Z" "-e" "SOURCE_DIR=/opt/rustwide/workdir" "-e" "CARGO_TARGET_DIR=/opt/rustwide/target" "-e" "CARGO_HOME=/opt/rustwide/cargo-home" "-e" "RUSTUP_HOME=/opt/rustwide/rustup-home" "-w" "/opt/rustwide/workdir" "-m" "1610612736" "--user" "0:0" "--network" "none" "ghcr.io/rust-lang/crates-build-env/linux@sha256:19e73879b68f455e41552ea35293514db52ea292d993f571636dbffedb77a1ee" "/opt/rustwide/cargo-home/bin/cargo" "+9610dfe5a9a731ced1ea4923ecbd0c57fe367898" "metadata" "--no-deps" "--format-version=1", kill_on_drop: false }`
[INFO] [stdout] 36699410cc9cbd60312379f387d8718a042d20d41132dcf3777ab8f2fb19ea6a
[INFO] running `Command { std: "docker" "start" "-a" "36699410cc9cbd60312379f387d8718a042d20d41132dcf3777ab8f2fb19ea6a", kill_on_drop: false }`
[INFO] running `Command { std: "docker" "inspect" "36699410cc9cbd60312379f387d8718a042d20d41132dcf3777ab8f2fb19ea6a", kill_on_drop: false }`
[INFO] running `Command { std: "docker" "rm" "-f" "36699410cc9cbd60312379f387d8718a042d20d41132dcf3777ab8f2fb19ea6a", kill_on_drop: false }`
[INFO] [stdout] 36699410cc9cbd60312379f387d8718a042d20d41132dcf3777ab8f2fb19ea6a
[INFO] running `Command { std: "docker" "create" "-v" "/var/lib/crater-agent-workspace/builds/worker-3-tc1/target:/opt/rustwide/target:rw,Z" "-v" "/var/lib/crater-agent-workspace/builds/worker-3-tc1/source:/opt/rustwide/workdir:ro,Z" "-v" "/var/lib/crater-agent-workspace/cargo-home:/opt/rustwide/cargo-home:ro,Z" "-v" "/var/lib/crater-agent-workspace/rustup-home:/opt/rustwide/rustup-home:ro,Z" "-e" "SOURCE_DIR=/opt/rustwide/workdir" "-e" "CARGO_TARGET_DIR=/opt/rustwide/target" "-e" "CARGO_INCREMENTAL=0" "-e" "RUST_BACKTRACE=full" "-e" "RUSTFLAGS=--cap-lints=forbid" "-e" "RUSTDOCFLAGS=--cap-lints=forbid" "-e" "CARGO_HOME=/opt/rustwide/cargo-home" "-e" "RUSTUP_HOME=/opt/rustwide/rustup-home" "-w" "/opt/rustwide/workdir" "-m" "1610612736" "--user" "0:0" "--network" "none" "ghcr.io/rust-lang/crates-build-env/linux@sha256:19e73879b68f455e41552ea35293514db52ea292d993f571636dbffedb77a1ee" "/opt/rustwide/cargo-home/bin/cargo" "+9610dfe5a9a731ced1ea4923ecbd0c57fe367898" "check" "--frozen" "--all" "--all-targets" "--message-format=json", kill_on_drop: false }`
[INFO] [stdout] 7d32656527f169eafb2ebf7a7ebffaed77bd8316cd526a410541b1df59c0291a
[INFO] running `Command { std: "docker" "start" "-a" "7d32656527f169eafb2ebf7a7ebffaed77bd8316cd526a410541b1df59c0291a", kill_on_drop: false }`
[INFO] [stderr]    Compiling libc v0.2.134
[INFO] [stderr]    Compiling crossbeam-utils v0.8.12
[INFO] [stderr]    Compiling proc-macro2 v1.0.46
[INFO] [stderr]    Compiling crossbeam-epoch v0.9.11
[INFO] [stderr]    Compiling unicode-ident v1.0.4
[INFO] [stderr]    Compiling syn v1.0.101
[INFO] [stderr]    Compiling lock_api v0.4.9
[INFO] [stderr]     Checking miniz_oxide v0.5.4
[INFO] [stderr]    Compiling futures-core v0.3.24
[INFO] [stderr]     Checking futures-sink v0.3.24
[INFO] [stderr]    Compiling cgmath v0.18.0
[INFO] [stderr]     Checking approx v0.4.0
[INFO] [stderr]     Checking flate2 v1.0.24
[INFO] [stderr]     Checking spin v0.9.4
[INFO] [stderr]     Checking crossbeam-channel v0.5.6
[INFO] [stderr]     Checking png v0.17.6
[INFO] [stderr]    Compiling quote v1.0.21
[INFO] [stderr]     Checking crossbeam-deque v0.8.2
[INFO] [stderr]     Checking num_cpus v1.13.1
[INFO] [stderr]     Checking getrandom v0.2.7
[INFO] [stderr]     Checking threadpool v1.8.1
[INFO] [stderr]     Checking nanorand v0.7.0
[INFO] [stderr]     Checking rayon-core v1.9.3
[INFO] [stderr]     Checking rayon v1.5.3
[INFO] [stderr]     Checking jpeg-decoder v0.2.6
[INFO] [stderr]     Checking tiff v0.7.3
[INFO] [stderr]    Compiling pin-project-internal v1.0.12
[INFO] [stderr]     Checking pin-project v1.0.12
[INFO] [stderr]     Checking flume v0.10.14
[INFO] [stderr]     Checking exr v1.5.1
[INFO] [stderr]     Checking image v0.24.4
[INFO] [stderr]     Checking rrt v0.1.0 (/opt/rustwide/workdir)
[INFO] [stdout] error[E0425]: cannot find function, tuple struct or tuple variant `RGB` in crate `image`
[INFO] [stdout]    --> src/main.rs:71:69
[INFO] [stdout]     |
[INFO] [stdout] 71  |       image::save_buffer("output.png", &buffer, WIDTH, HEIGHT, image::RGB(8)).unwrap();
[INFO] [stdout]     |                                                                       ^^^
[INFO] [stdout]     |
[INFO] [stdout]    ::: /opt/rustwide/cargo-home/registry/src/index.crates.io-6f17d22bba15001f/image-0.24.4/./src/color.rs:358:1
[INFO] [stdout]     |
[INFO] [stdout] 358 | / define_colors! {
[INFO] [stdout] 359 | |     /// RGB colors.
[INFO] [stdout] 360 | |     ///
[INFO] [stdout] 361 | |     /// For the purpose of color conversion, as well as blending, the implementation of `Pixel`
[INFO] [stdout] ...   |
[INFO] [stdout] 369 | |     pub struct LumaA<T: Primitive>([T; 2, 1]) = "YA";
[INFO] [stdout] 370 | | }
[INFO] [stdout]     | |_- similarly named tuple struct `Rgb` defined here
[INFO] [stdout]     |
[INFO] [stdout] help: a tuple struct with a similar name exists
[INFO] [stdout]     |
[INFO] [stdout] 71  |     image::save_buffer("output.png", &buffer, WIDTH, HEIGHT, image::Rgb(8)).unwrap();
[INFO] [stdout]     |                                                                     ~~~
[INFO] [stdout] help: consider importing this unit variant
[INFO] [stdout]     |
[INFO] [stdout] 8   + use image::codecs::pnm::ArbitraryTuplType::RGB;
[INFO] [stdout]     |
[INFO] [stdout] help: if you import `RGB`, refer to it directly
[INFO] [stdout]     |
[INFO] [stdout] 71  -     image::save_buffer("output.png", &buffer, WIDTH, HEIGHT, image::RGB(8)).unwrap();
[INFO] [stdout] 71  +     image::save_buffer("output.png", &buffer, WIDTH, HEIGHT, RGB(8)).unwrap();
[INFO] [stdout]     |
[INFO] [stdout] 
[INFO] [stdout] 
[INFO] [stdout] error[E0425]: cannot find function, tuple struct or tuple variant `RGB` in crate `image`
[INFO] [stdout]    --> src/main.rs:71:69
[INFO] [stdout]     |
[INFO] [stdout] 71  |       image::save_buffer("output.png", &buffer, WIDTH, HEIGHT, image::RGB(8)).unwrap();
[INFO] [stdout]     |                                                                       ^^^
[INFO] [stdout]     |
[INFO] [stdout]    ::: /opt/rustwide/cargo-home/registry/src/index.crates.io-6f17d22bba15001f/image-0.24.4/./src/color.rs:358:1
[INFO] [stdout]     |
[INFO] [stdout] 358 | / define_colors! {
[INFO] [stdout] 359 | |     /// RGB colors.
[INFO] [stdout] 360 | |     ///
[INFO] [stdout] 361 | |     /// For the purpose of color conversion, as well as blending, the implementation of `Pixel`
[INFO] [stdout] ...   |
[INFO] [stdout] 369 | |     pub struct LumaA<T: Primitive>([T; 2, 1]) = "YA";
[INFO] [stdout] 370 | | }
[INFO] [stdout]     | |_- similarly named tuple struct `Rgb` defined here
[INFO] [stdout]     |
[INFO] [stdout] help: a tuple struct with a similar name exists
[INFO] [stdout]     |
[INFO] [stdout] 71  |     image::save_buffer("output.png", &buffer, WIDTH, HEIGHT, image::Rgb(8)).unwrap();
[INFO] [stdout]     |                                                                     ~~~
[INFO] [stdout] help: consider importing this unit variant
[INFO] [stdout]     |
[INFO] [stdout] 8   + use image::codecs::pnm::ArbitraryTuplType::RGB;
[INFO] [stdout]     |
[INFO] [stdout] help: if you import `RGB`, refer to it directly
[INFO] [stdout]     |
[INFO] [stdout] 71  -     image::save_buffer("output.png", &buffer, WIDTH, HEIGHT, image::RGB(8)).unwrap();
[INFO] [stdout] 71  +     image::save_buffer("output.png", &buffer, WIDTH, HEIGHT, RGB(8)).unwrap();
[INFO] [stdout]     |
[INFO] [stdout] 
[INFO] [stdout] 
[INFO] [stdout] error[E0599]: no method named `get_hit` found for struct `ray::Ray` in the current scope
[INFO] [stdout]   --> src/main.rs:89:27
[INFO] [stdout]    |
[INFO] [stdout] 89 |             let hit = ray.get_hit(time - 0.1);
[INFO] [stdout]    |                           ^^^^^^^ help: there is a method with a similar name: `get_hitpoint`
[INFO] [stdout]    |
[INFO] [stdout]   ::: src/ray.rs:7:1
[INFO] [stdout]    |
[INFO] [stdout] 7  | pub struct Ray {
[INFO] [stdout]    | -------------- method `get_hit` not found for this struct
[INFO] [stdout] 
[INFO] [stdout] 
[INFO] [stdout] error[E0599]: no method named `get_hit` found for struct `ray::Ray` in the current scope
[INFO] [stdout]   --> src/main.rs:89:27
[INFO] [stdout]    |
[INFO] [stdout] 89 |             let hit = ray.get_hit(time - 0.1);
[INFO] [stdout]    |                           ^^^^^^^ help: there is a method with a similar name: `get_hitpoint`
[INFO] [stdout]    |
[INFO] [stdout]   ::: src/ray.rs:7:1
[INFO] [stdout]    |
[INFO] [stdout] 7  | pub struct Ray {
[INFO] [stdout]    | -------------- method `get_hit` not found for this struct
[INFO] [stdout] 
[INFO] [stdout] 
[INFO] [stdout] error: aborting due to 2 previous errors
[INFO] [stdout] 
[INFO] [stdout] 
[INFO] [stdout] Some errors have detailed explanations: E0425, E0599.
[INFO] [stdout] 
[INFO] [stdout] For more information about an error, try `rustc --explain E0425`.
[INFO] [stdout] 
[INFO] [stdout] error: aborting due to 2 previous errors
[INFO] [stdout] 
[INFO] [stdout] 
[INFO] [stdout] Some errors have detailed explanations: E0425, E0599.
[INFO] [stdout] 
[INFO] [stdout] For more information about an error, try `rustc --explain E0425`.
[INFO] [stdout] 
[INFO] [stderr] error: could not compile `rrt` (bin "rrt" test) due to 3 previous errors
[INFO] [stderr] warning: build failed, waiting for other jobs to finish...
[INFO] [stderr] error: could not compile `rrt` (bin "rrt") due to 3 previous errors
[INFO] running `Command { std: "docker" "inspect" "7d32656527f169eafb2ebf7a7ebffaed77bd8316cd526a410541b1df59c0291a", kill_on_drop: false }`
[INFO] running `Command { std: "docker" "rm" "-f" "7d32656527f169eafb2ebf7a7ebffaed77bd8316cd526a410541b1df59c0291a", kill_on_drop: false }`
[INFO] [stdout] 7d32656527f169eafb2ebf7a7ebffaed77bd8316cd526a410541b1df59c0291a
